 Let f = 156 - 103. Calculate the remainder when f is divided by g(y).
25
Let l(i) = i**2 - 3*i. Let k be l(4). Let j(g) = -g**3 + 6*g**2 - 5*g - 3. Calculate the remainder when j(k) is divided by (-26)/(-5) - 15/75.
4
Suppose 0*p + 6 = 2*p. Suppose 0*m - 204 = -p*m. Let z = 710 + -696. What is the remainder when m is divided by z?
12
Let a = 73 - 61. What is the remainder when 9 - (a/(-21) + 48/(-14)) is divided by 3?
1
Let p(n) = 56*n + 40*n - 6 + 4 - 3. Calculate the remainder when p(2) is divided by 27.
25
Suppose 1322 + 106 = -6*g. Calculate the remainder when 140 is divided by g/(-51)*72/14.
20
Let j(r) = 20*r - 17. Let k be j(5). Let m = k - 47. Calculate the remainder when m is divided by 10.
6
Suppose 4*q - 82 = 50. Calculate the remainder when 45 is divided by q.
12
Let r(z) = 5*z**2 - 5*z + 10. Let w be -2 - (2 - 16/12)*-9. Let i = 53 + -29. Calculate the remainder when r(w) is divided by i.
22
Let t(c) = c**2 - 6*c - 282. What is the remainder when t(26) is divided by 4?
2
Let p be (-13 + 5)*4/(-8). Suppose 0 = 4*i + p, 3*i + 131 + 108 = 4*l. Calculate the remainder when l is divided by 12.
11
Let z(j) = -j**2 - 10*j + 7. Let m = 0 - 8. Calculate the remainder when z(-8) is divided by 39*(1 + m/12).
10
Suppose 0 = -3*h - 4*a + 32, -a + 7 - 45 = -5*h. What is the remainder when 199 is divided by h?
7
Suppose -443 + 310 = -7*o. Calculate the remainder when 183 is divided by o.
12
Calculate the remainder when 674 is divided by -2 - -2 - (81 - 111).
14
Let m = 74 + -69. Suppose 0 = m*s - 6*s + 93. What is the remainder when s is divided by 24?
21
Suppose 44*w - 27*w = 272. What is the remainder when 780 is divided by w?
12
Let q = 1 + -7. Let h(l) = -l**2 - 6*l + 12. Let b be h(q). Suppose -17*t + 21*t - b = 0. What is the remainder when 7 is divided by t?
1
Let n be 24/(-10) - 6/10. Let b = 114 + -38. Let i = b - n. Calculate the remainder when i is divided by 16.
15
What is the remainder when 561/3 - (35/(-5) + 14) is divided by 84?
12
Suppose -4*p + 2*p = -2*b + 30, 0 = 5*p + 2*b + 54. Calculate the remainder when 22 is divided by (3 - (-33)/12) + p/16.
2
Suppose -273 = -8*f - 2353. Let b = -184 - f. Calculate the remainder when b is divided by 21.
13
Let k = -21 + 86. Calculate the remainder when k is divided by 3.
2
Let u = 13 - 73. Let b = u + 63. What is the remainder when 17 is divided by b?
2
Let r(g) = -2*g**3 - 67*g**2 - 39*g - 141. Calculate the remainder when 453 is divided by r(-33).
54
Let g = -1 + 15. Let c(m) be the third derivative of m**5/60 - 13*m**4/24 + 3*m**3/2 - 2*m**2. Calculate the remainder when 44 is divided by c(g).
21
Suppose -c = 2*r + 12, -4*c + 7*c + 31 = -5*r. Let l be 1*(0 + c + -95). Calculate the remainder when 20 is divided by l/(-9) - 6/(-27).
9
Let v(b) = b**3 + 13*b**2 + 26*b + 16. Calculate the remainder when v(-5) is divided by 11.
9
What is the remainder when 47 is divided by 20*6/(-36)*(-18)/4?
2
Let p(g) be the third derivative of 89*g**4/12 - g**3/6 + 11*g**2. What is the remainder when p(1) is divided by 20?
17
Suppose 48 = 3*d - 39. Let o = 86 + -88. Calculate the remainder when d is divided by 6 - (-3)/((-3)/o).
5
Suppose -132*w = -110*w - 21758. Calculate the remainder when w is divided by 18.
17
Suppose 9*z + 2*o = -0*o + 358, 45 = z - 5*o. What is the remainder when z is divided by 5?
0
Suppose w - s - 290 = -4*w, 2*s + 290 = 5*w. Suppose -3*b + w = -41. Calculate the remainder when 98 is divided by b.
32
Suppose 0 = 4*x - 5*x - 4*s + 41, 3*x - 79 = -s. Calculate the remainder when 68 is divided by x.
18
Calculate the remainder when (-2)/(-4 + 1610/405) is divided by 28.
25
Let l = -442 + 455. What is the remainder when 114 is divided by l?
10
Let f(x) = x**3 + 9*x**2 + 6*x - 7. Suppose 25 + 17 = -3*i. Let j = 6 + i. What is the remainder when f(j) is divided by 5?
4
Let z(n) = n**2 + 2*n. Suppose 5*w + 45 = 4*g, -2*w + 4 = 3*g - 1. What is the remainder when z(g) is divided by 20?
15
Let k = 154 + -24. Let r be -1*(0 - 0) + -101. Let p = -68 - r. What is the remainder when k is divided by p?
31
Let s = -199 + 113. Let d = -25 - s. Suppose -x + b = -22, b - 13 = -x + 7. Calculate the remainder when d is divided by x.
19
Let z(s) = s**3 + 21*s**2 + 21*s + 55. Let n be z(-20). Let b(y) = -6*y - 8. Let o be b(-6). Let t = n - o. What is the remainder when t is divided by 4?
3
Let l(r) = 2*r**2 - 3*r + 16. What is the remainder when 142 is divided by l(0)?
14
Suppose -5*h + 124 = 3*o - 272, -420 = -5*h + 5*o. What is the remainder when h is divided by 22?
15
Let t(m) be the third derivative of m**6/40 - m**5/60 + m**3/3 - 37*m**2. Calculate the remainder when 6 is divided by t(1).
2
Let z = 972 + -574. What is the remainder when z is divided by 102?
92
Suppose -5*q + 11 + 66 = 4*x, -3*q - x + 49 = 0. Suppose -4*u - 6*f + 2*f + 156 = 0, 2*u + 4*f = 68. What is the remainder when u is divided by q?
10
Suppose -4 = d + t, -3*d - t - 2 = -0*t. Suppose -4 - 14 = -3*c. Calculate the remainder when (d/2)/(-5 + 855/170) is divided by c.
5
Suppose -4*o = -2*o - 12. Let x = -11 + o. Let t = x + 10. Calculate the remainder when t is divided by 4.
1
Let k be (-10)/4*(-24)/20. Suppose -k*r + 148 = 2*q, 8*r = 6*r + 8. Let l = 35 + -21. What is the remainder when q is divided by l?
12
Suppose 0 = -3*z, -s - 4*s = -5*z - 1040. Calculate the remainder when s/5 + (-12)/(-30) is divided by (-3 + 0)*(-55)/15.
9
Let l(g) = g - 5. Let q be l(-5). Calculate the remainder when 4 is divided by 4 - ((-5)/q)/(1/2).
1
Let j(u) = -u - 2. Let d(v) = 5*v + 11. Let i(h) = -4*d(h) - 22*j(h). Let l be i(5). Suppose -6*x = -l*x + 12. Calculate the remainder when x is divided by 3.
0
Let z = 18 - 2. Suppose -4*j = 2*n - 26, 2*j + 2*j - z = -4*n. Calculate the remainder when j is divided by 2.
1
Let o(l) = l**3 - 4*l**2 + l + 4. Suppose 4*c + 4 = 16. Let g be o(c). What is the remainder when (3/(-9))/(g/246) is divided by 14?
13
Let j(a) be the first derivative of -2*a**2 + 9*a - 5. Suppose -5*x - 44 = 1. What is the remainder when j(x) is divided by 24?
21
Let p be 2/10 + 72/(-60). What is the remainder when 13 + -4 + 2 + p is divided by 5/(-15) + (-13)/(-3)?
2
Suppose 0 = -l - 3*l + 532. Let c(n) = -n**2 + 13*n - 19. What is the remainder when l is divided by c(9)?
14
Let q = 257 - 254. Calculate the remainder when 79 is divided by q.
1
Let m = -2009 + 2188. Calculate the remainder when m is divided by 13.
10
Suppose 3277 = 24*u + 493. What is the remainder when u is divided by 33?
17
Suppose 49 = -d - 0*j + 5*j, -5*j + 285 = -5*d. Let a = -50 - d. Calculate the remainder when 29 is divided by a.
2
Let b be 4/10*95/(-38). Calculate the remainder when 15 is divided by b - (-6)/(24/20).
3
Suppose -21*n - 6542 = -18890. What is the remainder when n is divided by 37?
33
Let b = -3659 - -3667. Suppose -888 = -2*v - 2*v. Suppose 0*x + x = -5*a + v, 0 = -a + 4*x + 57. Calculate the remainder when a is divided by b.
5
Let w(v) = -3*v - 44. Let a be w(-15). Calculate the remainder when 94 is divided by (-13)/(26/(-36)) + a.
18
Suppose -15*f + 23*f = 128. Calculate the remainder when 121 is divided by f.
9
Let h be (-15)/(-6)*16/5. Suppose -3*b = 2*t - 44, -b - t = -24 + h. Calculate the remainder when 46 is divided by b.
10
Suppose 90 = 4*j - l, -j = 2*j - 3*l - 72. Let u be (-2)/(-4) - 11/j. Suppose x - 7 - 4 = u. What is the remainder when 51 is divided by x?
7
Let g be (-1)/((-1)/4) + -3. Suppose -g = -l + y, 7 = 5*l + y - 22. Suppose l = -5*a + 55. What is the remainder when 16 is divided by a?
6
Let m(q) = q**2 - q - 6. Let f be m(3). Suppose -3*i + 4*x + 19 + 20 = f, 21 = 4*i + 5*x. Calculate the remainder when 26 is divided by i.
8
Let o = 85 - 60. What is the remainder when o is divided by 6?
1
Suppose 262*o = 308*o - 920. Let y = 0 - -7. What is the remainder when o is divided by y?
6
Suppose 56 - 4 = 13*q. Calculate the remainder when 11 is divided by q.
3
Let x be (-4)/6 + 88/(-3). Let p be x*(-2)/9*-3. Let k = 35 + p. What is the remainder when 28 is divided by k?
13
Suppose -5*j = 5*r - 335, -2*j - 46 = -4*r - 162. Calculate the remainder when 117 is divided by j.
53
Suppose 4*k + 2*t = -42, 0 = -5*k + 2*k - 2*t - 34. What is the remainder when 39 is divided by 25/20 - 158/k?
18
Let h = 670 + -114. Suppose 4*p - 